 6. Let a be n(-7). Suppose 0 = -f, f + a - 495 = 3*x. What are the prime factors of x?
2, 5, 17
Let z(m) = -86*m - 622. What are the prime factors of z(-82)?
2, 5, 643
Suppose 22305 = 8*z - 4143. What are the prime factors of z?
2, 3, 19, 29
Suppose -y + 5*g + 4427 = -1595, 0 = -3*g - 12. List the prime factors of y.
2, 3001
Suppose 688 = g - 4811. List the prime factors of g.
3, 13, 47
Let b = -2014 + 2959. Suppose -11*q + 4808 + b = 0. What are the prime factors of q?
523
Suppose -5*r - k = -91101, 3*r - 34079 = k + 20580. List the prime factors of r.
2, 5, 911
Suppose -4*j + d + 50 = 0, j = 2*d - 4*d + 17. Suppose -10*i + j*i = -12, -8405 = -5*c + 5*i. List the prime factors of c.
3, 13, 43
Let x be ((-33)/6 + 1)*-2. Let w be (-1 + 3)*(7 - x). List the prime factors of w*(-2)/12 - (-37)/3.
13
Suppose -9*u + 10 = -7*u - 5*d, -15 = -3*u - 3*d. Suppose u*y = 3827 - 362. List the prime factors of y.
3, 7, 11
Suppose -7*z + 16312 = -40003. List the prime factors of z.
5, 1609
Let x be ((-2)/12 + 11/(-6))*4. List the prime factors of (-42619)/(-68) + (-2)/x.
3, 11, 19
Suppose 28*w - 36*w = -2776. Suppose 4*a = -c + w, 187 = -0*a + 2*a + 5*c. What are the prime factors of a?
2, 43
Let d(r) = 41*r**3 - 2*r**2 + r - 5. List the prime factors of d(4).
2591
Suppose -l + 12 = 3*l - y, -y - 6 = -l. Suppose 3*x + q - 7 = x, 0 = 4*x - l*q - 10. Suppose 4*t = -x*t + 637. List the prime factors of t.
7, 13
Let f = -5865 + 8577. List the prime factors of f.
2, 3, 113
Let n(h) be the third derivative of 0 + 1/60*h**5 + 0*h + 7/2*h**3 + 1/3*h**4 - 8*h**2. What are the prime factors of n(-7)?
2, 7
Suppose s = -s - 7*s. Suppose s*z = -4*z + 1216. Suppose z = 2*p + 2*p. List the prime factors of p.
2, 19
List the prime factors of -3*(34/(-60) + 12/30)*22966.
11483
Let t(i) = -i**3 - 7*i**2 - 6*i + 8. Let h be t(-6). Let d = -84 - h. What are the prime factors of (d/6)/(8/(-36))?
3, 23
Let d(q) = q**3 + 9*q**2 - q - 9. Let y be d(-9). Suppose -2*l - l - 3 = y. What are the prime factors of 2/l + -3 + 17?
2, 3
Let g = 104 + 1265. Let v = g - 821. List the prime factors of v.
2, 137
Suppose -3*r = -6*h + 1596, -h + 2*h - 2*r - 266 = 0. Let j = h + 395. List the prime factors of j.
661
Let d be ((-20)/110 + (-18)/22)*-8. Suppose -20 = 5*j - a - 0*a, -5*a = 2*j + d. List the prime factors of (-3655)/(-34)*(0 - j/5).
2, 43
What are the prime factors of 4478 + 1 + -104 + 111?
2, 2243
Let h(j) = 99*j + 3511. What are the prime factors of h(49)?
2, 37, 113
Let v(b) = -7*b**2 + 4 + 20*b**2 - 6*b**2 + 3*b - 6*b**2. Let t be v(-2). Suppose 0 = -4*j + t*l + 21 + 115, 5*l = 5*j - 175. What are the prime factors of j?
3, 11
Suppose 0 = -3*t + 27, -3*t = -q + 2167 + 3307. What are the prime factors of q?
5501
Let b be -2 + 1/(-5)*8*-35. Let t = -59 + b. List the prime factors of 0 + 167 + 1/(-6 - t).
2, 83
Suppose -432041 + 56404 = 20*f - 49*f. What are the prime factors of f?
12953
Let w = 10972 - -11218. List the prime factors of w.
2, 5, 7, 317
Let g = -75 + 303. Suppose 2*s - 5*s = -g. Let k = -62 + s. List the prime factors of k.
2, 7
Let f be 18/(-81) - (-195)/27. Suppose p - 8 = f. List the prime factors of p.
3, 5
Suppose 6 = 6*j - 0. Let z be 2/(j - 2) + 1 + -3. What are the prime factors of 1/(476/236 - 2) - z?
3, 7
Let m(s) = -s**2 + 3*s + 1. Let n be m(2). Let w(r) = -12*r + 13. Let k be w(n). Let j = -14 - k. What are the prime factors of j?
3
Let k be 15/(-4 + -1) + 2 + 4. Suppose r = 4*h + 2*r - 358, -5*h - k*r + 444 = 0. What are the prime factors of h?
2, 3, 5
Let m = -1382 + 2762. Suppose -5*w + m = -0*w. What are the prime factors of w?
2, 3, 23
Let l be (2994/10 - 1)/((-10)/(-25)). Let x = l + -407. List the prime factors of x.
3, 113
Let a(d) = d**3 + 6*d**2 - 4*d - 7. Let s(m) = m**3 - 4*m**2 + 4*m - 6. Let z be s(3). Let l be a(z). What are the prime factors of (l/12)/((-6)/(-351) - 0)?
2, 3, 13
Suppose -6*v + 7*v - 19 = 0. Suppose 236 = -17*x + v*x. Suppose 3*d + x = 562. List the prime factors of d.
2, 37
Suppose -5*g + 155387 = -5*h + 13*h, 5*g - 58267 = -3*h. List the prime factors of h.
2, 607
Suppose -147*s = 1734570 - 8139654. What are the prime factors of s?
2, 3, 3631
Let g(j) = 167*j + 8 - 6 + 38 - 160*j + 2. Suppose 0*q - 3*q + 45 = 0. What are the prime factors of g(q)?
3, 7
Suppose 5*y - 26 = 3*k + 3*y, -k - 20 = 5*y. What are the prime factors of k/(-95) - 32410/(-38)?
853
Let s = -47238 - -80348. What are the prime factors of s?
2, 5, 7, 11, 43
Suppose -15980 = 12*z - 94316. What are the prime factors of z?
2, 3, 17
Suppose 1845 = 4*r + 3*l, -34*l + 463 = r - 33*l. List the prime factors of r.
2, 3, 19
Let o be 30/(-3)*(-2)/(-4). Let a(v) = -38*v + 1 - 30*v + 3 + 52*v - 13*v - 5*v**2. What are the prime factors of a(o)?
2, 3
List the prime factors of (44 + -104)*(-11930)/30.
2, 5, 1193
Suppose -41 = -5*z + 44. Let o = z - 17. Suppose 5*j = 2*n + 281, 2*j + 2*n + 2*n - 122 = o. List the prime factors of j.
3, 19
Suppose 19*w - 365658 - 324118 = -154622. What are the prime factors of w?
2, 14083
Suppose -27 = s - 10*s. Suppose 0 = -2*j + 1 - 11, 3048 = 3*k - s*j. What are the prime factors of k?
3, 337
Suppose 38 + 20 = 2*c + 2*j, 2*j + 87 = 3*c. Suppose c*i - 33*i = 121360. What are the prime factors of (-2)/15 - (i/(-75))/(-4)?
101
Let w(t) = 3*t - 27. Let x be w(10). List the prime factors of 4/(-22) + ((-8804)/(-22) - x).
397
Suppose -5*p = 4*o - 27028, 6*p = -2*o + 11*p + 13514. What are the prime factors of o?
29, 233
Let x = -11754 + 17901. List the prime factors of x.
3, 683
List the prime factors of 1/3 + 381513/99.
2, 41, 47
Let s = -423 + 887. Suppose -2*f = -a + 194, s + 481 = 5*a - 5*f. What are the prime factors of a?
2, 23
Let r = 1371 + 4104. What are the prime factors of r?
3, 5, 73
Suppose -5*a = -5*n - 960, -7*a + 546 = -3*n - 10*a. Let j = 417 - n. What are the prime factors of j?
2, 151
Let i be (-7 - -2)/5 + -414. Let j = i + 1250. List the prime factors of j.
5, 167
Let o(t) = 17*t**2 - 68*t + 5. Let l be o(4). Suppose -4*w + 2500 = 5*s, -s - 84 = -l*w - 584. What are the prime factors of s?
2, 5
Suppose -4*q = 0, -2*q + 0*q - 5830 = -5*g. Suppose -41*u + 38*u = p - g, 4*p - 4625 = u. What are the prime factors of p?
13, 89
Suppose -3*b + 153962 = -3*u - 3433, 5*u - 157419 = -3*b. What are the prime factors of b?
2, 13, 1009
Let j = -2551 + 3685. What are the prime factors of j?
2, 3, 7
Let g(j) = 280*j**2 - 126*j - 26. List the prime factors of g(-9).
2, 19, 313
Let q(w) = -35*w - 5. Suppose 6*m - 176 = 40. Let b = m - 38. What are the prime factors of q(b)?
5, 13
Let f(o) = 119*o - 2023. List the prime factors of f(54).
7, 17, 37
Let p(i) be the first derivative of i**4/4 + 4*i**3 + 7*i**2/2 - 3*i - 429. Suppose -8 + 28 = -2*d. What are the prime factors of p(d)?
127
Let w be (29/(-5))/((-2)/10). Let x = 31 - w. Suppose -c = -6*c - 20, x*q - 490 = 5*c. List the prime factors of q.
5, 47
Suppose -44*b + 52*b = -1128. What are the prime factors of b/30*-26 + 8/(-40)?
2, 61
Let d be 1*1/(-1) + -89. Let g be (-1 + 0/2)*(1 + -2). Let l = g - d. List the prime factors of l.
7, 13
Suppose 0 = -26*b - 27*b + 716088 + 88929. List the prime factors of b.
3, 61, 83
Let g(u) = -2*u**2 + 5*u + 4. Let y be g(-1). Let s be (1 - 837/y) + 6/2. Suppose s - 85 = 3*r. What are the prime factors of r?
2, 3, 11
Let n(g) = 7*g**3 + 2*g**2 - 3*g - 2. Let h be n(-2). Let t = h - -46. Suppose -6*w + t*w + 8 = 0. What are the prime factors of w?
2
Let g(d) = -42*d - 65. Let r be g(-5). Let c = r - 10. What are the prime factors of c?
3, 5
Suppose 2*a + 216 = 6*a. Suppose a = 5*s + 4*s. Suppose -5*u = s*u - 957. What are the prime factors of u?
3, 29
Let b(r) = -r**2 + 11*r - 2. Let m be b(10). What are the prime factors of (82/123)/((m/(-5574))/(-2))?
929
Let t = 198812 + -114695. What are the prime factors of t?
3, 11, 2549
Let z be ((-48)/(-28))/(10/6965). Suppose -59*l + 56*l = -z. List the prime factors of l.
2, 199
Let r be (5 + -4)/((-3)/(-24)*2). Let x be -3*(r + -5) - 1. List the prime factors of -67*(8/x + -5) - 4.
3, 7
Let d = 87 - 92. Let j(a) = -67*a - 21. List the prime factors of j(d).
2, 157
Let f(h) = -12*h**3 + 30*h**2 + 61*h + 53. What are the prime factors of f(-14)?
3, 41, 103
Let y = -425 - -717. Let w(s) = 3*s**2 + 5*